 = 4*h + 13. Suppose -h*i - 2004 = -2*f - 6*i, -2*f - i = -2005. What is the tens digit of f?
0
Suppose -5*d + 2 = l - 4*l, 3*d + 18 = 5*l. Suppose -l*p + 940 = x - 2*p, -5*x - 3*p + 4700 = 0. What is the hundreds digit of x?
9
Suppose 0 = 2*b - 6*b + 5*q - 1, 7 = 2*b - q. Let j be (-2 - (-8)/b)/(3/(-9)). Suppose -j*h + 28 = -4. What is the tens digit of h?
1
Let j be 574 + (-6)/(-4)*2. Let o = j + 149. What is the units digit of o?
6
Suppose 2976*d = 2959*d + 717638. What is the tens digit of d?
1
Let m(r) be the third derivative of -r**7/2520 + 49*r**6/720 - 4*r**5/15 + 23*r**2. Let s(x) be the third derivative of m(x). What is the units digit of s(17)?
5
Let d = -66 - -65. Let j be (-21 + -1)/(d/(-1)). Let v = j + 31. What is the units digit of v?
9
Suppose 0 = -304*g + 7667652 + 2331516. What is the units digit of g?
2
Suppose -25*h - 5*n - 74450 = -30*h, 4*h + 5*n - 59533 = 0. What is the ten thousands digit of h?
1
Suppose 4*d = 5*j - 13, -7 + 17 = -3*d + 4*j. Let i be (58*(1 + -12))/d. Suppose -3*u + i = -119. What is the hundreds digit of u?
1
Suppose 3*g + 8 - 26 = 0. Suppose -g*p + 802 = 2*m - 2*p, 4*p + 8 = 0. What is the hundreds digit of m?
4
What is the units digit of (-4403)/((1 + -9)/8)?
3
Suppose x + 4*x = 20. Let k be (x/2 + (-3)/1)*6. What is the tens digit of 131 + -4*3/k?
3
Let b(d) = -1347*d + 1222. What is the units digit of b(-14)?
0
Let m(z) be the second derivative of z**7/420 + z**6/720 + z**5/60 + 3*z**4/4 + 15*z. Let b(g) be the third derivative of m(g). What is the tens digit of b(-3)?
5
Suppose -w - 10 + 19 = 4*x, -x - 3*w - 6 = 0. What is the units digit of -6 + x - (-636 + 2)?
1
Let q(k) = 3 - 10*k**3 - 9 + 0*k - 14*k - 3*k**2 + 3*k - 2*k. What is the hundreds digit of q(-4)?
6
Suppose -60*m + 90*m = 401310. What is the hundreds digit of m?
3
Suppose 3*i - 6 = 0, 0 = -56*v + 59*v - 5*i - 2075. What is the hundreds digit of v?
6
Let m(q) = 4*q**2 - 22*q + 3. Let g be m(6). Suppose -759 = -h - 6*s + 4*s, 0 = 3*s + g. What is the units digit of h?
9
Let u(b) = -b**3 - 10*b**2 + 11*b + 7. Let v be u(-11). Let q(m) = -3*m - 2 + 5 + v*m**2 - 7 + 3. What is the units digit of q(3)?
3
Let o(l) = 3*l**2 - 51*l - 624. What is the hundreds digit of o(-61)?
6
Let n be 10/50 - (-628)/10. Suppose 85*x - 82*x = n. What is the tens digit of ((-5)/(35/(-36)))/(x/98)?
2
Let b be (-302 - 1)*4/6*-1. Suppose 4*v - 423 = 5*k + 358, v - b = -k. What is the units digit of v?
9
Suppose 6*r + 5*m = 5*r - 348, -974 = 3*r + m. Let h = r + 566. What is the units digit of h?
3
Let n(z) = 31*z + 5. Let q be n(-5). Let r be ((-4)/(-8))/((-3)/q). Suppose 27*k = r*k + 294. What is the hundreds digit of k?
1
Let j = 34 + -43. Let i be j*(-3 - -4) - 0. What is the units digit of (-94)/(-4) + i/18?
3
Let w(f) = 0 + f**3 - 1 + f**2 + 8 - 7*f - 2. Let s be w(5). Suppose -8*n = -2*n - s. What is the units digit of n?
0
Let x(v) = 2943 + 6*v + 2*v + 0*v - 2625. What is the tens digit of x(40)?
3
Let t be (-36)/252 - 58/(-14). What is the tens digit of (-1)/(t + 11214/(-2802))?
6
Let h(s) = 108*s**3 + 42*s**2 - 173*s + 15. What is the units digit of h(6)?
7
Let n(u) = -4*u**2 + 5*u + 21. Let c be n(-5). Let a = c + -65. Let q = -99 - a. What is the units digit of q?
0
Suppose 7*t + 5*u = 4*t - 16, 0 = -3*t + 5*u + 34. Suppose 5*j = -0*a + a + 5297, 3*j - 3171 = -t*a. What is the thousands digit of j?
1
Suppose -18*i + 34*i - 710193 = -17*i. What is the tens digit of i?
2
Let g = 37808 + -18566. What is the tens digit of g?
4
What is the units digit of 58476/4*((-1)/(-2) + (-5)/(-10))?
9
Suppose 33*d = 684052 + 62111. What is the tens digit of d?
1
What is the ten thousands digit of 439338/22 - 91/(-1001)?
1
Let w = 4885 + 1983. What is the tens digit of w?
6
Let d(n) = -9*n**3 + 13*n**2 + 40*n + 26. What is the thousands digit of d(-9)?
7
Let a = 1340 - 150. Let p = a - 307. What is the units digit of p?
3
What is the tens digit of (-166901371)/(-11609) + (21/19 - 1)?
7
Let d be (-23*36/(-63))/(4/14). Suppose 5*o = z + 94, o + 7*z - 24 = 2*z. Let l = d + o. What is the tens digit of l?
6
Let z = -998 - -13394. What is the ten thousands digit of z?
1
Let v = -271 + 399. Suppose 4*x - v = -5*n, 5*n - x + 1 = 119. Suppose 5*s - 4*s = n. What is the units digit of s?
4
Let s be (-6)/(-9)*9 - -1864. Let d = 3301 - s. What is the units digit of d?
1
Let c = -74 + 71. Let z(u) = -2*u**3 + 4*u**2 + u + 4. Let x be z(c). Let n = x + 28. What is the units digit of n?
9
Let n be (-16 + -4)*(-1 - -2) - 2. Let m = 36 + n. Suppose 6*k = m*k - 1680. What is the units digit of k?
0
Let g = 167 - -468. Let p = g + -489. What is the tens digit of p?
4
Let k(v) = 6*v - 2. Let f be k(4). Let o be (11/2)/(-1 + f/20). Let h = o + -53. What is the units digit of h?
2
Suppose -5*k - 2*p + 9 = 0, -3*p - 19 - 2 = -4*k. Let w be 87/6 + k/2. Suppose -5*l + w = -124. What is the tens digit of l?
2
Suppose -78*c + 139*c = 98515. What is the hundreds digit of c?
6
Suppose 2924759 + 9013248 = 765*y + 1937927. What is the thousands digit of y?
3
Let y be (13 + (-518)/42)/((-1)/3). What is the hundreds digit of (-16 - y)/((-2)/44*1)?
3
Let o(i) = i**2 - 20*i + 10. Let d be (-8)/(-60) + -136*12/90. What is the tens digit of o(d)?
9
Let l(x) = 10*x + x**2 - 2*x - 3*x - 16. Let s be l(-7). What is the tens digit of (118 - 11) + 2/(s/3)?
0
Suppose 40*o = 19*o + 5*o + 413200. What is the units digit of o?
5
Let n = 11038 - 4014. What is the units digit of n?
4
Suppose -17*k - 15 = -49. Suppose k*l + l + o = 2361, -o - 791 = -l. What is the units digit of l?
8
Let q = 34 - 31. Suppose -4*y - 83 = x - 420, q*x = 5*y + 926. What is the units digit of x?
7
Let s = 498 + -515. Let m(d) = -17*d + 6. What is the hundreds digit of m(s)?
2
Let b = 72 - 67. What is the hundreds digit of b + (0 + 1)*166?
1
Let q = 609 - 192. Suppose 0 = -22*f + q + 1. What is the tens digit of f?
1
Let r be 3/(-6)*25*(-8)/(-5). Let y = -14 - r. Let h(w) = w**2 + w - 9. What is the units digit of h(y)?
3
Let c be 30/135 + 4/(-18). Suppose 5*z + z = c. Suppose 4*p = 6*t - 2*t + 152, p + 3*t - 18 = z. What is the tens digit of p?
3
Suppose -4*n - 36 - 32 = 0. Let r = 283 + -261. Let x = r + n. What is the units digit of x?
5
Let o be 2*(-5)/20*-22. Suppose -d - 2*b + 5 = -o, 0 = 3*d - 4*b - 58. What is the tens digit of d + (48/4)/4?
2
Suppose -10*z + 8*z + 3*w + 51 = 0, 0 = -z + 5*w + 43. Let g = 269 - z. What is the units digit of g?
1
Let k be -5*((-4)/2)/(6/(-129)). Let c = 581 + k. What is the units digit of c?
6
Let j(d) = 44*d - 78. Let l be j(8). Let q = 13 + l. What is the units digit of q?
7
Suppose 2*v = -5*f + 7*f - 256, -v = -4. Suppose 0 = -5*s + 4*s + 5*y + f, 0 = -5*s + 2*y + 729. What is the hundreds digit of s?
1
Suppose 40*y = 45*y - 98715. What is the thousands digit of y?
9
Let b be 51/9 - 18/27. Let g be 2/((25/(-45))/b). What is the tens digit of g/3*2*(-236)/16?
7
Suppose -27*f + 4*v + 16384 = -25*f, -f + 8198 = -v. What is the thousands digit of f?
8
Let h = 24508 - -6701. What is the units digit of h?
9
Suppose -8*r - 2*a = -13*r - 3309, 4*r + 2658 = -2*a. Let y = 76 + r. Let x = y + 824. What is the units digit of x?
7
Let s(v) = -2*v - 7. Suppose 0*r = 3*r + 24. Let q be s(r). What is the units digit of (((-1590)/q)/(-5))/((-4)/(-30))?
5
Let b = 41 + -36. Suppose -b*i - 5*m - 60 - 185 = 0, -3*m + 69 = -i. What is the tens digit of (-950)/(-18) - 3/(i/4)?
5
Let s be (62/124)/((-1)/2). What is the hundreds digit of 9 + -16 - 614/s?
6
Suppose 0 = 179*l - 183*l + 36. Suppose -3*p - p = -3*k + 3, 2*k = -5*p + 25. Suppose k*i + 88 = l*i. What is the tens digit of i?
2
Let o(g) = -24036*g**3 + 13*g**2 + 7*g - 4. What is the thousands digit of o(-1)?
4
Let l be (-35)/210 + (-6758)/(-12). Suppose -d + l = -t - 276, t - 829 = -d. What is the tens digit of d?
3
Let w(i) = -3*i**3 - 4*i + 5. Let t be w(3). Let r = t + 88. Suppose -5*g = -25, r*u - 2*u = -2*g - 4. What is the units digit of u?
7
Let k(s) = 309*s + 158. What is the hundreds digit of k(30)?
4
Suppose -26 = -13*r - 0*r. Suppose 9*t - r*t - 476 = 0. What is the units digit of (t/1)/((1 + 0)*1)?
8
Let n be (-2)/(-5) - 48/(-30). Suppose 0 = 4*u + f - 2528, 5*u - 3*u + n*f = 1258. What is the units digit of u?
3
Let s(p) = 5*p**2 - 4*p**2 + 